{"id":195,"date":"2011-07-15T08:30:01","date_gmt":"2011-07-15T07:30:01","guid":{"rendered":"http:\/\/c-our-age-band.de\/?page_id=195"},"modified":"2018-02-20T11:15:56","modified_gmt":"2018-02-20T10:15:56","slug":"news","status":"publish","type":"page","link":"https:\/\/c-our-age-band.de\/?page_id=195","title":{"rendered":"News"},"content":{"rendered":"<p style=\"text-align: center;\"><span style=\"font-size: large; color: #ffff99;\"><img loading=\"lazy\" decoding=\"async\" class=\"aligncenter size-full wp-image-187\" title=\"Logo_Internet-V02-Kopie.jpg\" src=\"https:\/\/c-our-age-band.de\/wp-content\/uploads\/2011\/07\/Logo_Internet-V02-Kopie.jpg\" alt=\"\" width=\"761\" height=\"160\" srcset=\"https:\/\/c-our-age-band.de\/wp-content\/uploads\/2011\/07\/Logo_Internet-V02-Kopie.jpg 940w, https:\/\/c-our-age-band.de\/wp-content\/uploads\/2011\/07\/Logo_Internet-V02-Kopie-300x63.jpg 300w\" sizes=\"auto, (max-width: 761px) 100vw, 761px\" \/><\/span><\/p>\n<p>&nbsp;<\/p>\n<p>&nbsp;<\/p>\n<p><span style=\"font-size: large;\"><strong><em>Februar 2018: &#8230;&#8230; die CD ist Richtung Presswerk unterwegs \u00a0&#8230;.<\/em><\/strong><\/span><\/p>\n<p>&nbsp;<\/p>\n<p><span style=\"font-size: large;\"><strong><em>Dezember 2017<\/em>: Die Aufnahmen f\u00fcr die CD sind im Kasten und fertig gemastert &#8230;.. Jetzt noch das Cover, Booklet, GEMA &#8230; etc. \ud83d\ude09<\/strong><\/span><\/p>\n<p><strong><span style=\"font-size: 14pt;\">Was war sonst noch in 2017 ? Der Auftritt im Haus der Jugend in Osnabr\u00fcck lief \u00fcberraschend sehr gut. \u00dcberraschend deswegen, weil wir 1. vor einem Publikum gespielt haben, das auf Rock\u00b4n Roll getrimmt war ( Mr. G and the Billy Boys ) und 2. \u00fcberwiegend unsere eigenen Songs gespielt haben.<\/span><\/strong><\/p>\n<p><strong><span style=\"font-size: 14pt;\">Dann war da die Kneipentour Bad Iburg &#8230;. hier haben wir mittlerweile &#8222;Heimspiel&#8220;, der Bramscher Kultursommer\u00a0und nat\u00fcrlich jede Menge Arbeit an unserer CD&#8230;. Wir hoffen, dass 2018 die Reise mit der CD im Gep\u00e4ck so weiter geht.<\/span><\/strong><\/p>\n<p><strong><span style=\"font-size: 14pt;\">\u00a0Zuk\u00fcnftig werden wir bei unseren Gigs den Schwerpunkt auf unsere eigenen Songs, plus ein paar ausgew\u00e4hlte, zu uns passende Cover, legen<\/span><\/strong><\/p>\n<p>&nbsp;<\/p>\n<p><span style=\"font-size: large;\"><strong>Oktober 2016:<\/strong><\/span><\/p>\n<p style=\"text-align: justify;\"><span style=\"font-family: arial,helvetica,sans-serif;\"><span style=\"font-size: 14pt;\">Mit gro\u00dfem Bedauern haben wir erfahren, dass unser langj\u00e4hriger Keyboarder, <em>Alexander Engelhardt<\/em>, verstorben ist.<\/span><span style=\"font-size: 14pt;\"><br \/>\nAlex war in den Anfangstagen der Band Courage ma\u00dfgeblich an der Entwicklung beteiligt, bevor er vor einigen Jahren zu neuen Herausforderungen mit Mr. G and the Billy Boys aufbrach&#8230;..<br \/>\nDer freundschaftliche Kontakt zu uns ist dabei nie abgebrochen.<\/span><span style=\"font-size: 14pt;\"><br \/>\n<em>Mach\u00b4s gut, Alex !\u00a0<\/em><\/span><\/span><\/p>\n<p><span style=\"font-size: large;\"><strong>28.7.2016: Kneipentour Bad Iburg: vielen Dank an Fromme\u00b4s Restaurant ! Es war gro\u00dfartig und wir freuen uns schon auf n\u00e4chstes Jahr. Volles Haus und gute Stimmung, prima Wetter, alles drau\u00dfen, was will man mehr. Mit Uwe Schr\u00f6der an der zweiten Gitarre ! &#8230;&#8230;.. als n\u00e4chster Termin steht der Kultursommer Bramsche an. Da haben wir sehr gute Erinnerungen an letztes Jahr&#8230;. Diesmal am Platz an der Sch\u00fctzenhalle des Neust\u00e4dter Sch\u00fctzenvereins. Eine neue Location im Rahmen des Kulturprogramms&#8230;.. wir sind gespannt&#8230;..<\/strong><\/span><\/p>\n<p><span style=\"font-size: large;\"><strong>7.2.2016: Sylvester in der Lagerhalle, Osnabr\u00fcck &#8230;.. volles Haus und super Stimmung ! Einige Fotos sind jetzt in der GALLERY. Leider war es auch der letzte ( offizielle ) Gig mit Matthias, unserem zweiten Keyboarder &#8230;. er will sich mehr auf seine anderen Hobbies konzentrieren, sehr schade, aber er bleibt uns f\u00fcr &#8222;Special Events&#8220; ( z.B. unserem Unplugged Gig im Oktober 2016 in Hagen ) erhalten &#8230;&#8230; Ansonsten stehen Aufnahmen an, vielleicht schaffen wir es ja 2016 zur eigenen CD \ud83d\ude09 &#8230; Mehr dann an dieser Stelle &#8230;.<\/strong><\/span><\/p>\n<p><span style=\"font-size: large;\"><strong>23.8.2015: Das Wetter beim <em><span style=\"font-size: 14pt;\">Belmer Kultursommer<\/span><\/em> hat mitgespielt, und das Publikum auch ! ( siehe den Link auf der HomePage ) Vielen Dank ! \u00a0 \u00a0 \u00a0 \u00a0 \u00a0 \u00a0 \u00a0\u00a0<\/strong><\/span><\/p>\n<p><span style=\"font-size: large;\"><strong><a href=\"http:\/\/www.altesmuseum.de\/Altes_Museum\/Herzlich_willkommen.html\" target=\"_blank\" rel=\"noopener\">Altes Museum Bad Bentheim<\/a>: immer wieder ein Highlight f\u00fcr uns. Direkt unterhalb der Burg. G\u00fcnter ist ein super Gastgeber und sein Team ist top ! Hier stimmt es rundum. Gerne wieder im n\u00e4chsten Jahr !<\/strong><\/span><\/p>\n<p><span style=\"font-size: large;\"><strong>2.8.2015: PMCO: Piesberger Motorrad Club. Super Location und nette Leute ! Das Wetter hat auch mitgespielt, alles in allem super ! Jetzt geht es weiter zum Belmer Kultursommer. Hoffentlich haben wir da auch Gl\u00fcck &#8230;&#8230; Ich hoffe, wir sehen uns am Freitag, den 14.8.2015 !<\/strong><\/span><\/p>\n<p><span style=\"font-size: large;\"><strong>25.3.2015: So, die ersten gr\u00f6\u00dferen Gigs sind f\u00fcr dieses Jahr in trockenen T\u00fcchern. Das neue Logo ist auch fertig, ( siehe Start Seite ) an neuen St\u00fccken wird flei\u00dfig gearbeitet &#8230;. alles gut \ud83d\ude09<\/strong><\/span><\/p>\n<p><span style=\"font-size: large;\"><strong>11.2.2015 &#8230;&#8230; leider fing 2015, bedingt durch einen fiesen Virus, mit einer Absage unsererseits an das Casablanca an &#8230;.. sorry. Zur Zeit arbeiten wir an neuen Songs. Sowohl eigene Kompositionen als auch ein paar Cover. Lasst Euch \u00fcberraschen. Die ersten neuen Termine stehen fest. Mal sehen, was noch so reinkommt \ud83d\ude09<\/strong><\/span><\/p>\n<p><span style=\"font-size: large;\"><strong>19.10.2014: &#8230;.. der Tag nach so einer ( Kneipen ) Tour ist erst einmal kaputt \ud83d\ude09 Es war anstrengend und manchmal ist es auch schwierig, dass der Funke \u00fcberspringt, da das st\u00e4ndige Kommen un Gehen dies ein wenig behindert. Trotzdem hat alles super funktioniert&#8230;&#8230;. Jetzt laufen die Vorbereitungen f\u00fcr das Balou in Osnabr\u00fcck &#8230;. wieder eine neue Erfahrung, weil das Publikum doch wohl generell etwas j\u00fcnger ist &#8230;.. Wir werden sehen, und unserem Namen alle Ehre machen \ud83d\ude09<\/strong><\/span><\/p>\n<p><span style=\"font-size: large;\"><strong>5.10.2014: das Wichtigste zuerst: wir haben \u00fcber <em>100 FaceBook<\/em> likes &#8230; nicht schlecht. ( vielen Dank an Maren f\u00fcr die 100 ! ) Jetzt gehen wir die n\u00e4chsten Hundert an \ud83d\ude09 \u00a0&#8230;.. letzten Donnerstag <em>Altstadt Live &#8230;. <\/em>wir haben uns gef\u00fchlt wie die Bands aus den sechzigern in den Clubs in Soho &#8230;. die Atmosph\u00e4re rauchig, schw\u00fcl, eng, laut &#8230;.. fast noch ein komplettes Tablett Bier in mein Pedalboard, that\u00b4s Rock \u00b4n Roll &#8230; \ud83d\ude09 \u00a0 \u00a0 \u00a0 \u00a0 \u00a0 \u00a0 \u00a0 \u00a0 \u00a0 \u00a0 \u00a0 \u00a0 \u00a0 \u00a0 \u00a0 \u00a0 \u00a0 \u00a0 \u00a0 \u00a0 \u00a0 \u00a0 \u00a0 \u00a0 \u00a0 \u00a0 \u00a0 \u00a0 \u00a0 \u00a0 \u00a0 \u00a0 \u00a0 \u00a0 \u00a0 \u00a0 \u00a0 \u00a0 \u00a0 \u00a0 \u00a0 \u00a0 \u00a0 \u00a0 \u00a0 \u00a0 \u00a0 Am 18.10. dann der vorletzte Gig in diesem Jahr: \u00a0 \u00a0 \u00a0 \u00a0 \u00a0 \u00a0 \u00a0 \u00a0 \u00a0 \u00a0 \u00a0 \u00a0 \u00a0 \u00a0 \u00a0 \u00a0 \u00a0 \u00a0 \u00a0 \u00a0 <em>Kneipentour Georgsmarienh\u00fctte, Biercafe B51<\/em>\u00a0&#8230;.. da werden wir wieder in voller Besetzung antreten und nat\u00fcrlich alles geben. Ich hoffe, wir sehen uns !<\/strong><\/span><\/p>\n<p><span style=\"font-size: large;\"><strong>24.8.2014: zur\u00fcck aus Bad Bentheim: war ein super Gig gestern Abend, spontane Session mit Liz Clark ( People Get Ready ), klasse Location, und wieder alles gegeben \ud83d\ude09 &#8230;&#8230; Bramscher Kultursommer ist schon wieder \u00fcber eine Woche her. Das Wetter hat dann letztlich doch mitgespielt und somit war alles gut. Das Publikum hatte Bock auf rocken &#8230;. Bis zum n\u00e4chsten Jahr !<\/strong><\/span><\/p>\n<p><span style=\"font-size: large;\"><strong>23.7.2014: &#8230;.. geht es auch zu viert ? Ja &#8230;.. am 21.6. waren wir im Dillbach Kotten&#8230;.. das Publikum war gut drauf. Also hat es funktioniert. \u00a0 \u00a0 \u00a0 \u00a0 \u00a0 \u00a0 \u00a0 \u00a0 \u00a0 \u00a0 Weiter geht\u00b4s am 14.8. beim Bramscher Kultursommer. ( diesmal komplett ) &#8230;Hauptsache das Wetter spielt mit ! \u00a0Dann in der Woche darauf in Bad Bentheim, Altes Museum &#8230; mal fernab der Heimat. \ud83d\ude09<\/strong><\/span><\/p>\n<p><span style=\"font-size: large;\"><strong>17.6.2014: Der Geburtstags-Gig im RED LION ( wurde 4 ! ) bei super Wetter und guter Stimmung, was will\u00a0man mehr &#8230;. und das schwarze Gebr\u00e4u schadet auch nicht \ud83d\ude09 &#8230;.. im August gehts dann zum Bramscher Kultursommer.<\/strong><\/span><\/p>\n<p><span style=\"font-size: large;\"><strong>20.5.2014: Der Maiwochen Auftritt im Rahmen des &#8222;AUFGELEGT&#8220; Votings war eine Erfahrung &#8230;&#8230; die Zeit vielleicht etwas ungl\u00fccklich gew\u00e4hlt, aber die &#8222;Massen&#8220;waren begeistert. ( Siehe Bild auf der Home Page )<\/strong><\/span><\/p>\n<p><span style=\"font-size: large;\"><strong>10.2.2014: Kulturbahnhof\u00a0 im Dezember&#8230;.. mittlerweile ( fast ) unser Wohnzimmer. Da laufen wir dann schon zur Hochform auf \ud83d\ude09 &#8230;. Danke an das Team ! War alles super.<\/strong><\/span><\/p>\n<p><span style=\"font-size: large;\"><strong>Jetzt geht es am <em>15. M\u00e4rz<\/em> mit einigen neuen Songs ins TWISTER in Oesede, GM-H\u00fctte.\u00a0\u00a0\u00a0\u00a0\u00a0\u00a0\u00a0 Ich hoffe, wir sehen uns dort !<\/strong><\/span><\/p>\n<p><span style=\"font-size: large;\"><strong>5.11.2013: Kneipentour Georgsmarienh\u00fctte &#8230;. klasse Veranstaltung und das Kasinopark Cafe ist eine super Location, gutes Publikum, was will man mehr &#8230;. sind auch gerne n\u00e4chstes Jahr wieder dabei&#8230;&#8230;.. aber nach dem Gig ist vor dem Gig: 7.12.2013 im Kulturbahnhof Neunkirchen. Eine der besten B\u00fchnen in der Gegend&#8230;. wir freuen uns schon drauf.<\/strong><\/span><\/p>\n<p><span style=\"font-size: large;\"><strong>13.9.2013: Casablanca, Kult seit den Siebzigern &#8230;. Ralle konnte sich sogar noch daran erinnern \ud83d\ude09\u00a0 Klasse Atmosph\u00e4re, super Publikum&#8230; passte mal wieder alles. Danke auch an das Team ! &#8230;&#8230;\u00a0\u00a0\u00a0\u00a0\u00a0\u00a0\u00a0\u00a0\u00a0\u00a0\u00a0\u00a0\u00a0\u00a0\u00a0\u00a0\u00a0\u00a0\u00a0\u00a0\u00a0\u00a0\u00a0\u00a0\u00a0\u00a0\u00a0\u00a0\u00a0\u00a0\u00a0\u00a0\u00a0\u00a0\u00a0\u00a0\u00a0\u00a0\u00a0\u00a0\u00a0\u00a0\u00a0\u00a0\u00a0\u00a0\u00a0\u00a0\u00a0\u00a0\u00a0\u00a0\u00a0\u00a0\u00a0\u00a0\u00a0\u00a0\u00a0\u00a0\u00a0\u00a0\u00a0\u00a0\u00a0\u00a0\u00a0\u00a0\u00a0\u00a0\u00a0\u00a0\u00a0\u00a0\u00a0\u00a0\u00a0\u00a0\u00a0\u00a0\u00a0\u00a0\u00a0\u00a0\u00a0\u00a0\u00a0\u00a0\u00a0\u00a0\u00a0\u00a0\u00a0\u00a0\u00a0\u00a0\u00a0\u00a0\u00a0\u00a0\u00a0\u00a0\u00a0\u00a0\u00a0\u00a0\u00a0\u00a0\u00a0\u00a0\u00a0\u00a0\u00a0\u00a0\u00a0\u00a0\u00a0\u00a0\u00a0\u00a0\u00a0\u00a0\u00a0\u00a0\u00a0\u00a0\u00a0\u00a0\u00a0\u00a0\u00a0\u00a0\u00a0\u00a0\u00a0\u00a0\u00a0\u00a0\u00a0\u00a0\u00a0\u00a0\u00a0\u00a0\u00a0\u00a0\u00a0\u00a0\u00a0\u00a0\u00a0\u00a0\u00a0\u00a0\u00a0\u00a0\u00a0\u00a0\u00a0\u00a0\u00a0\u00a0\u00a0\u00a0\u00a0\u00a0\u00a0 N\u00e4chster Stop der 2013 Tournee: Kneipentour GMH, Kasinopark Cafe,19.10.13\u00a0!<\/strong><\/span><\/p>\n<p><span style=\"font-size: large;\"><strong>19.7.2013: Der Red Lion Gig hat Spass gemacht !\u00a0\u00a0\u00a0\u00a0 Knochenjob \ud83d\ude09 von 21 bis 2 Uhr &#8230; Sets ohne Ende. Wu\u00dfte gar nicht, was wir alles so drauf haben &#8230; am 13.9. geht es dann mit der regul\u00e4ren Set List ins Casablanca &#8230;. <\/strong><\/span><\/p>\n<p><span style=\"font-size: large;\"><strong>8.5.2013: N\u00e4chster Stop der 2013 Tournee \ud83d\ude09 ist der English Pub <em>RED LION<\/em> in Bad Iburg. Am 13.7.2013 ist in Bad Iburg Kneipentour. Eintritt frei !<\/strong><\/span><\/p>\n<p><span style=\"font-size: large;\"><strong>28.3.2013: Nachdem das Konzert im Kulturbahnhof krankheitsbedingt abgesagt werden musste, wird es auf Ende des Jahres verschoben. Vielleicht k\u00f6nnen wir ein Christmas Event davon machen &#8230;<\/strong><\/span><\/p>\n<p>&nbsp;<\/p>\n<p><span style=\"font-size: large;\"><strong>21.2.2013: Das Rosenhof Konzert war ein voller Erfolg&#8230;. 250 gut aufgelegte G\u00e4ste und 3 Truppen in bester Form &#8230;<\/strong><\/span><\/p>\n<p><strong><span style=\"font-size: large;\">was will man mehr \ud83d\ude09 \u00a0 Das Winterland Konzert soll deshalb auch n\u00e4chstes Jahr wieder stattfinden.<\/span><\/strong><\/p>\n<p><strong><span style=\"font-size: large;\">&#8212; Das n\u00e4chste Event steht vor der T\u00fcr: am 16.3. geht es nun schon zum zweiten Mal in den Kulturbahnhof Neunkirchen.<\/span><\/strong><\/p>\n<p><strong><span style=\"font-size: large;\">Mit einigen neuen Songs im Gep\u00e4ck werden wir wieder alles geben&#8230;<\/span><\/strong><\/p>\n<p>&nbsp;<\/p>\n<p><span style=\"font-size: large;\"><strong>19.12.2012: Am 11.1.2013 gehts in den Rosenhof, Osnabr\u00fcck &#8230;. wird sicher spannend. 3 Bands und eine super Location !<\/strong><\/span><\/p>\n<p><span style=\"font-size: large;\"><strong>Ich hoffe wir sehen uns dort und feiern eine richtige Party ab.<\/strong><\/span><\/p>\n<p><span style=\"font-size: large;\"><strong>Unter Media\/Musik steht jetzt eine MP3 Vorabversion von C.our.AG<\/strong><strong>E<\/strong><\/span><\/p>\n<p><span style=\"font-size: large;\"><strong>Ansonsten Frohe Weihnachten und ein gutes 2013 ! ( welches f\u00fcr uns ja schon mal super anf\u00e4ngt \ud83d\ude09 )<\/strong><\/span><\/p>\n<p>&nbsp;<\/p>\n<p><span style=\"font-size: large;\"><strong>24.7.2012: Der Apfelbaum Gig war trotz spartanischer Anlage klasse &#8230;..<\/strong><\/span><\/p>\n<p><span style=\"font-size: large;\"><strong>Nach einem Intermezzo in der Scheune Herminenhof geht es nach Bramsche zum Kultursommer:<\/strong><\/span><\/p>\n<p><span style=\"font-size: large;\"><strong>hier spielen wir am 4.8.12 im Gasthof Reddehase, bzw. Open Air im Biergarten <\/strong><\/span><\/p>\n<p><span style=\"font-size: medium;\"><strong><br \/>\n<\/strong><\/span><\/p>\n<p><strong><span style=\"font-size: large;\">5.4.2012: N\u00e4chster Termin zusammen mit Hannes Bauer, Udo Lindenberg Band, am 25.5.2012 im <a href=\"http:\/\/www.apfelbaum-georgsmarienhuette.de\/\">Apfelbaum<\/a>, Georgsmarienh\u00fctte. <\/span><\/strong><\/p>\n<p><strong><span style=\"font-size: large;\">Diesmal als Support f\u00fcr ein Urgestein der deutschen Rockmusik &#8230;&#8230; Hoffentlich spielt das Wetter mit. Die Location ist f\u00fcr Open Air absolut genial.<\/span><\/strong><\/p>\n<p><strong><span style=\"font-size: large;\">( und das Guinness, wie es sein muss ) \ud83d\ude09<\/span><\/strong><\/p>\n<p><strong><span style=\"font-size: large;\">Unser &#8222;Titel Song&#8220; C.our.AGE ist jetzt im Kasten &#8230;.. ein richtiger Rock Song&#8230;.. demn\u00e4chst Live !<\/span><\/strong><\/p>\n<p>&nbsp;<\/p>\n<p><strong><span style=\"font-size: large;\">8.3.2012: Der Gig im\u00a0<a href=\"http:\/\/www.kulturbahnhofneuenkirchen-voerden.de\/\" target=\"_blank\" rel=\"noopener\">Kulturbahnhof Neunkirchen<\/a> hat anscheinend vor und auf der B\u00fchne allen Spa\u00df gemacht &#8230;..<\/span><\/strong><\/p>\n<p><strong><span style=\"font-size: large;\">Zumindest haben wir eine Einladung, im Herbst noch mal dort zu spielen &#8230; Vielen Dank nochmal an die Crew ! Es war alles perfekt.<\/span><\/strong><\/p>\n<p><strong><span style=\"font-size: large;\">Eine wirklich empfehlenswerte Location&#8230;&#8230; Auf unserer <a title=\"Presse\" href=\"https:\/\/www.c-our-age-band.de\/?page_id=664\">Presse<\/a> Seite etwas mehr dazu, und nat\u00fcrlich <a title=\"Fotos\" href=\"https:\/\/www.c-our-age-band.de\/?page_id=23\">Fotos<\/a> ( Danke an Carsten ! )<\/span><\/strong><\/p>\n<p>&nbsp;<\/p>\n<p><span style=\"color: #000000;\"><span style=\"font-size: large;\"><strong>12.1.2012: Live Termin: Wir spielen am 28.1.2012 im <a href=\"http:\/\/www.kulturbahnhofneuenkirchen-voerden.de\/\" target=\"_blank\" rel=\"noopener\">Kulturbahnhof Neunkirchen<\/a> mit einigen neuen Songs im Gep\u00e4ck. Ich hoffe wir sehen uns dort&#8230;..<\/strong><\/span><\/span><\/p>\n<p><strong><span style=\"color: #000000;\"><span style=\"font-size: large;\"><strong> Ein &#8222;neuer&#8220; alter Song unter Media\/Musik: HEAVEN. Eine Ballade, die wir schon vor sehr langer Zeit aufgenommen haben &#8230;.<\/strong><\/span><\/span><\/strong><\/p>\n<p><strong><span style=\"color: #000000;\"><span style=\"font-size: large;\"><strong><br \/>\n<\/strong><\/span><\/span><\/strong><\/p>\n<p><strong><strong><span style=\"color: #000000;\"><span style=\"font-size: large;\"><strong>1.10.2011:<\/strong> Die erste Studio Version von One Or Zero ist online. Originaltext Volker: stell man erst mal so drauf \ud83d\ude09 &#8230;&#8230; <\/span><\/span><\/strong><\/strong><\/p>\n<p><strong><strong><span style=\"color: #000000;\"><span style=\"font-size: large;\">Ralle kam mit &#8222;Friends&#8220; von Atlantis an, coole Nummer,\u00a0mal sehen, ob das was wird&#8230;.. <\/span><\/span><\/strong><\/strong><\/p>\n<p><strong><strong><span style=\"color: #000000;\"><span style=\"font-size: large;\">Einige Live Termine f\u00fcr n\u00e4chstes Jahr sind in Planung. Wenn es soweit ist, wird es eine neue Seite &#8222;Termine&#8220; geben.<\/span><\/span><\/strong><\/strong><\/p>\n<p><strong><strong><span style=\"color: #000000;\"><span style=\"font-size: large;\"><br \/>\n<\/span><\/span><\/strong><\/strong><\/p>\n<p><strong><strong><span style=\"color: #000000;\"><span style=\"font-size: large;\"><strong>1.9.2011:<\/strong> Offizieller Start der Web Site &#8230;. immer noch in Arbeit, aber mal muss es ja losgehen &#8230;.<\/span><\/span><\/strong><\/strong><\/p>\n<p><strong><strong><span style=\"color: #000000;\"><span style=\"font-size: large;\"><br \/>\n<\/span><\/span><\/strong><\/strong><\/p>\n<p><strong><strong><span style=\"color: #000000;\"><span style=\"font-size: large;\"><strong>14.8.2011:<\/strong> PC l\u00e4uft wieder\u00a0 &#8230;. Volker hat den ersten Mix von One Or Zero fertig &#8230;. der Titelsong &#8222;C our AGE&#8220; reift langsam w\u00e4hrend der Proben<\/span><\/span><\/strong><\/strong><\/p>\n<p><strong><strong><span style=\"color: #000000;\"><span style=\"font-size: large;\"><br \/>\n<\/span><\/span><\/strong><\/strong><\/p>\n<p><strong><strong><span style=\"color: #000000;\"><span style=\"font-size: large;\"><strong>28.7.2011:<\/strong> Neuer Song in Arbeit: &#8222;C Our Age&#8220; &#8230;&#8230; mit &#8222;Paula Rogers&#8220; \ud83d\ude09 &#8230;&#8230;&#8230;&#8230;&#8230; <\/span><span style=\"font-size: large;\">Schlecht: Volkers Recording PC macht Mucken, also falls Euch so ein Ding im Kanal bei Bramsche entgegenkommt &#8230;.<\/span><\/span><\/strong><\/strong><\/p>\n<p><strong><strong><span style=\"color: #000000;\"><span style=\"font-size: large;\"><br \/>\n<\/span><\/span><\/strong><\/strong><\/p>\n<p><strong><strong><span style=\"font-size: large; color: #000000;\"><strong>20.7.2011:<\/strong> Volker arbeitet an den Aufnahmen zu One Or Zero &#8230;&#8230;<\/span><\/strong><\/strong><\/p>\n<p><strong><strong><span style=\"font-size: large; color: #000000;\"><br \/>\n<\/span><\/strong><\/strong><\/p>\n<p><strong><strong><span style=\"font-size: large; color: #000000;\"><strong>15.7.2011: <\/strong> Die Bilder vom Apfelbaum Open Air Gig sind jetzt in der <a title=\"Fotos\" href=\"https:\/\/c-our-age-band.de\/?page_id=23\">Fotos<\/a> Section &#8230;..<\/span><\/strong><\/strong><\/p>\n<p>&nbsp;<\/p>\n<p>&nbsp;<\/p>\n<p>&nbsp;<\/p>\n<p>&nbsp;<\/p>\n<p>&nbsp;<\/p>\n<p>&nbsp;<\/p>\n<p>&nbsp;<\/p>\n<p>&nbsp;<\/p>\n<p>&nbsp;<\/p>\n<p>&nbsp;<\/p>\n<p>&nbsp;<\/p>\n<p>&nbsp;<\/p>\n<p>&nbsp;<\/p>\n<p>&nbsp;<\/p>\n<p>&nbsp;<\/p>\n<p>&nbsp;<\/p>\n<p>&nbsp;<\/p>\n","protected":false},"excerpt":{"rendered":"<p>&nbsp; &nbsp; Februar 2018: &#8230;&#8230; die CD ist Richtung Presswerk unterwegs \u00a0&#8230;. &nbsp; Dezember 2017: Die Aufnahmen f\u00fcr die CD sind im Kasten und fertig gemastert &#8230;.. Jetzt noch das Cover, Booklet, GEMA &#8230; etc. \ud83d\ude09 Was war sonst noch in 2017 ? Der Auftritt im Haus der Jugend in Osnabr\u00fcck lief \u00fcberraschend sehr gut. [&hellip;]<\/p>\n","protected":false},"author":1,"featured_media":0,"parent":0,"menu_order":0,"comment_status":"closed","ping_status":"closed","template":"","meta":{"footnotes":""},"class_list":["post-195","page","type-page","status-publish","hentry"],"_links":{"self":[{"href":"https:\/\/c-our-age-band.de\/index.php?rest_route=\/wp\/v2\/pages\/195","targetHints":{"allow":["GET"]}}],"collection":[{"href":"https:\/\/c-our-age-band.de\/index.php?rest_route=\/wp\/v2\/pages"}],"about":[{"href":"https:\/\/c-our-age-band.de\/index.php?rest_route=\/wp\/v2\/types\/page"}],"author":[{"embeddable":true,"href":"https:\/\/c-our-age-band.de\/index.php?rest_route=\/wp\/v2\/users\/1"}],"replies":[{"embeddable":true,"href":"https:\/\/c-our-age-band.de\/index.php?rest_route=%2Fwp%2Fv2%2Fcomments&post=195"}],"version-history":[{"count":118,"href":"https:\/\/c-our-age-band.de\/index.php?rest_route=\/wp\/v2\/pages\/195\/revisions"}],"predecessor-version":[{"id":1789,"href":"https:\/\/c-our-age-band.de\/index.php?rest_route=\/wp\/v2\/pages\/195\/revisions\/1789"}],"wp:attachment":[{"href":"https:\/\/c-our-age-band.de\/index.php?rest_route=%2Fwp%2Fv2%2Fmedia&parent=195"}],"curies":[{"name":"wp","href":"https:\/\/api.w.org\/{rel}","templated":true}]}}